{"text_format":"2","workbook":"xlsx","n_sheets":7,"sheets":["Instructions Tab","Country","Lab Terms and Conditions","Order Form Page 1","Gear","Gear Rules","PSW_Sheet"],"not_rendered":{"charts":0,"images":1,"macros":0,"external_links":1,"defined_names":23,"comments":1,"pivot_tables":0},"unopened":[],"bounds":{"document_bytes":16777216,"sheet_cells":100000,"run_cost":"one","rows_first":2000,"rows_last":500,"rows_between":2000,"halvings":0,"cell_chars":16384,"cell_head_chars":4096},"cells_cut":4,"cells_raw":0,"read":"whole","date_system":"1900"}

{"sheet":"Instructions Tab","index":0,"n_rows":11,"n_cols":1,"rows_kept":11,"cut":false,"hidden":false,"merged":[[9,0,9,17],[10,0,10,17],[0,0,0,17],[1,0,3,17],[5,0,5,17],[4,0,4,17],[6,0,6,17],[7,0,7,17],[8,0,8,17]]}
["INSTRUCTIONS"]
["Please follow the directions below to complete the order form. Make sure that you have included information in\n all the required fields (in red font) or we will be unable to process your order and we will return the form to be completed and resubmitted."]
[]
[]
["Note: for optimal viewing of the drop down choices, set the spreadsheet to zoom at 100% or greater."]
["As you complete this form, certain fields will be automatically populated.   You will not see your total cost until all mandatory fields are filled out.  "]
[]
["1)  Ordering (Bill To) Information - All fields in this section are required for our Customer Service Team to complete your order.   Please note that the Bill To Country field is a drop-down selection.  All other fields in this section are free-form entry."]
["2)  Class Information -  You must provide three sets of class dates, as your first choice(s) may not be available.   If you do not put three dates, the Unit Cost and Product Subtotal for your order will not populate.  If you enter a class start date that is less than two weeks (14 calendar days) from ordering date, the date will become red to flag non-compliance with the Lab Terms and Conditions. If you select the same date more than once, the duplicated date will change to orange.  "]
["3)  Class Instructor - This is the contact information for the instructor who will receive the lab codes.  The Instructor will not receive the codes until the weekend prior to class start (which assumes a Monday). When the class start date is not a Monday, the instructor will receive the codes 24 hours prior to the class start date."]
["4)  Product Information - Use the drop down to select the Product (you may need to scroll) and fill in the Quantity.  Based on the product and quantity, the Course Name, Part Number and Product Subtotal will auto-populate.  "]

{"sheet":"Country","index":1,"n_rows":214,"n_cols":10,"rows_kept":214,"cut":false,"hidden":true,"merged":[]}
["Country Code","Country","Tier Discount","Pricing Level","Zone Name","Zone Number","Currency","GMT","Region","Warehouse"]
["AF","AFGHANISTAN",2,"Level II","Asia Pacific/Japan/Greater China (APJ/C)",1,"USD",null,"APAC - South Asia"]
["AX","ALAND ISLANDS","List","Standard List Price","Europe, Middle East, and Africa (EMEA)",2,"USD",null,"EUROPE"]
["AL","ALBANIA",2,"Level II","Europe, Middle East, and Africa (EMEA)",2,"EUR",null,"EUROPE"]
["DZ","ALGERIA",2,"Level II","Europe, Middle East, and Africa (EMEA)",2,"USD","GMT+1","Africa"]
["AO","ANGOLA",2,"Level II","Europe, Middle East, and Africa (EMEA)",2,"USD","GMT+1","Africa"]
["AI","ANGUILLA",1,"Level I","The Americas (U.S., Canada, and LATAM)",3,"USD","GMT-4","Caribbean"]
["AG","ANTIGUA AND BARBUDA",1,"Level I","The Americas (U.S., Canada, and LATAM)",3,"USD","GMT-4","Caribbean"]
["AR","ARGENTINA",1,"Level I","The Americas (U.S., Canada, and LATAM)",3,"USD","GMT-3","South America"]
["AM","ARMENIA",2,"Level II","Europe, Middle East, and Africa (EMEA)",2,"USD",null,"EUROPE"]
["AW","ARUBA",1,"Level I","The Americas (U.S., Canada, and LATAM)",3,"USD","GMT-4","Caribbean"]
["AU","AUSTRALIA",1,"Standard List Price","Asia Pacific/Japan/Greater China (APJ/C)",1,"USD",null,"APAC - Southeast Asia"]
["AT","AUSTRIA","List","Standard List Price","Europe, Middle East, and Africa (EMEA)",2,"EUR",null,"EUROPE"]
["AZ","AZERBAIJAN",2,"Level II","Europe, Middle East, and Africa (EMEA)",2,"USD","GMT+4","EUROPE"]
["BS","BAHAMAS",1,"Level I","The Americas (U.S., Canada, and LATAM)",3,"USD",null,"Caribbean"]
["BH","BAHRAIN",2,"Level I","Europe, Middle East, and Africa (EMEA)",2,"USD","GMT+3","Middle East"]
["BD","BANGLADESH",2,"Level II","Asia Pacific/Japan/Greater China (APJ/C)",1,"USD","GMT+6","APAC - South Asia"]
["BB","BARBADOS",1,"Level I","The Americas (U.S., Canada, and LATAM)",3,"USD","GMT-4","Caribbean"]
["BY","BELARUS",2,"Level II","Europe, Middle East, and Africa (EMEA)",2,"EUR",null,"EUROPE"]
["BE","BELGIUM","List","Standard List Price","Europe, Middle East, and Africa (EMEA)",2,"EUR",null,"EUROPE"]
["BZ","BELIZE",1,"Level II","The Americas (U.S., Canada, and LATAM)",3,"USD","GMT-6","Central America"]
["BJ","BENIN",2,"Level II","Europe, Middle East, and Africa (EMEA)",2,"USD","GMT+1","Africa"]
["BM","BERMUDA",1,"Level I","The Americas (U.S., Canada, and LATAM)",3,"USD",null,"Caribbean"]
["BO","BOLIVIA",1,"Level II","The Americas (U.S., Canada, and LATAM)",3,"USD","GMT-4","South America"]
[null,"Bonaire",1,null,"The Americas (U.S., Canada, and LATAM)",3,null,null,"Caribbean"]
["BA","BOSNIA AND HERZEGOVINA",2,"Level II","Europe, Middle East, and Africa (EMEA)",2,"EUR",null,"EUROPE"]
["BW","BOTSWANA",2,"Level II","Europe, Middle East, and Africa (EMEA)",2,"USD","GMT+2","Africa"]
["BR","BRAZIL",1,"Level I","The Americas (U.S., Canada, and LATAM)",3,"USD",null,"South America"]
["BN","BRUNEI",1,"Level I","Asia Pacific/Japan/Greater China (APJ/C)",1,"USD","GMT+8","APAC - Southeast Asia"]
["BG","BULGARIA",2,"Level I","Europe, Middle East, and Africa (EMEA)",2,"EUR",null,"EUROPE"]
["BF","BURKINA FASO",2,"Level II","Europe, Middle East, and Africa (EMEA)",2,"USD","GMT+2","Africa"]
["BI","BURUNDI",2,"Level II","Europe, Middle East, and Africa (EMEA)",2,"USD",null,"Africa"]
["KH","CAMBODIA",2,"Level II","Asia Pacific/Japan/Greater China (APJ/C)",1,"USD","GMT+7","APAC - Southeast Asia"]
["CM","CAMEROON",2,"Level II","Europe, Middle East, and Africa (EMEA)",2,"USD","GMT+1","Africa"]
["CA","CANADA","List","Standard List Price","The Americas (U.S., Canada, and LATAM)",3,"CAD",null,"North America","LO Rochester"]
["CV","CAPE VERDE",2,"Level II","Europe, Middle East, and Africa (EMEA)",2,"USD","GMT-1","Africa"]
["KY","CAYMAN ISLANDS",1,"Level I","The Americas (U.S., Canada, and LATAM)",3,"USD","GMT-5","Caribbean"]
["CF","CENTRAL AFRICAN REPUBLIC",2,"Level II","Europe, Middle East, and Africa (EMEA)",2,"USD","GMT+1","Africa"]
["TD","CHAD",2,"Level II","Europe, Middle East, and Africa (EMEA)",2,"USD","GMT+1","Africa"]
["CL","CHILE",1,"Level I","The Americas (U.S., Canada, and LATAM)",3,"USD",null,"South America"]
["CN","CHINA",2,"Level II","Asia Pacific/Japan/Greater China (APJ/C)",1,"USD","GMT+8","APAC - Southeast Asia"]
["CO","COLOMBIA",1,"Level II","The Americas (U.S., Canada, and LATAM)",3,"USD","GMT-5","South America"]
["KM","COMOROS",2,"Level II","Europe, Middle East, and Africa (EMEA)",2,"USD","GMT+3","Africa"]
["CD","CONGO, DEMOCRATIC REPUBLIC",2,"Level II","Europe, Middle East, and Africa (EMEA)",2,"USD",null,"Africa"]
["CG","CONGO, REPUBLIC",2,"Level II","Europe, Middle East, and Africa (EMEA)",2,"USD","GMT+1","Africa"]
["CR","COSTA RICA",1,"Level II","The Americas (U.S., Canada, and LATAM)",3,"USD","GMT-6","Central America"]
["CI","CÔTE D'IVOIRE",2,"Level II","Europe, Middle East, and Africa (EMEA)",2,"USD",null,"Africa"]
["HR","CROATIA",2,"Level II","Europe, Middle East, and Africa (EMEA)",2,"EUR",null,"EUROPE"]
["CU","CUBA",1,"Embargoed","The Americas (U.S., Canada, and LATAM)",2,"USD",null,"Caribbean"]
[null,"Curacao",1,null,"The Americas (U.S., Canada, and LATAM)",3,null,null,"Caribbean"]
["CY","CYPRUS",2,"Standard List Price","Europe, Middle East, and Africa (EMEA)",2,"EUR",null,"Middle East"]
["CZ","CZECH REPUBLIC",2,"Level I","Europe, Middle East, and Africa (EMEA)",2,"EUR",null,"EUROPE"]
["DK","DENMARK","List","Standard List Price","Europe, Middle East, and Africa (EMEA)",2,"EUR",null,"EUROPE"]
["DJ","DJIBOUTI",2,"Level II","Europe, Middle East, and Africa (EMEA)",2,"USD","GMT+3","Africa"]
["DM","DOMINICA",1,"Level I","The Americas (U.S., Canada, and LATAM)",3,"USD","GMT-4","Caribbean"]
["DO","DOMINICAN REPUBLIC",1,"Level II","The Americas (U.S., Canada, and LATAM)",3,"USD","GMT-4","Caribbean"]
["EC","ECUADOR",1,"Level II","The Americas (U.S., Canada, and LATAM)",3,"USD","GMT-5","South America"]
["EG","EGYPT",2,"Level II","Europe, Middle East, and Africa (EMEA)",2,"USD",null,"SPLIT WITH AFRICA AND ASIA"]
["SV","EL SALVADOR",1,"Level II","The Americas (U.S., Canada, and LATAM)",3,"USD","GMT-6","Central America"]
["GQ","EQUATORIAL GUINEA",2,"Level II","Europe, Middle East, and Africa (EMEA)",2,"USD","GMT+1","Africa"]
["ER","ERITREA",2,"Level II","Europe, Middle East, and Africa (EMEA)",2,"USD","GMT+3","Africa"]
["EE","ESTONIA",2,"Level II","Europe, Middle East, and Africa (EMEA)",2,"EUR",null,"EUROPE"]
["ET","ETHIOPIA",2,"Level II","Europe, Middle East, and Africa (EMEA)",2,"USD","GMT+2","Africa"]
["FJ","FIJI",1,"Level II","Asia Pacific/Japan/Greater China (APJ/C)",1,"USD","GMT+12","APAC - Others"]
["FI","FINLAND","List","Standard List Price","Europe, Middle East, and Africa (EMEA)",2,"EUR",null,"EUROPE"]
["FR","FRANCE","List","Standard List Price","Europe, Middle East, and Africa (EMEA)",2,"EUR",null,"EUROPE"]
["GF","FRENCH GUIANA",1,"Level II","The Americas (U.S., Canada, and LATAM)",3,"USD",null,"Caribbean"]
["PF","FRENCH POLYNESIA","List","Standard List Price","Asia Pacific/Japan/Greater China (APJ/C)",1,"USD","GMT-10","APAC - Others"]
["GA","GABON",2,"Level II","Europe, Middle East, and Africa (EMEA)",2,"USD","GMT+1","Africa"]
["GM","GAMBIA",2,"Level II","Europe, Middle East, and Africa (EMEA)",2,"USD",null,"Africa"]
["GE","GEORGIA",2,"Level II","Europe, Middle East, and Africa (EMEA)",2,"USD","GMT+4","EUROPE"]
["DE","GERMANY","List","Standard List Price","Europe, Middle East, and Africa (EMEA)",2,"EUR",null,"EUROPE"]
["GH","GHANA",2,"Level II","Europe, Middle East, and Africa (EMEA)",2,"USD",null,"Africa"]
["GI","GIBRALTAR","List","Standard List Price","Europe, Middle East, and Africa (EMEA)",2,"EUR",null,"EUROPE"]
["GR","GREECE","List","Standard List Price","Europe, Middle East, and Africa (EMEA)",2,"EUR",null,"EUROPE"]
["GL","GREENLAND","List","Standard List Price","The Americas (U.S., Canada, and LATAM)",3,"USD",null,"North America"]
["GD","GRENADA",1,"Level I","The Americas (U.S., Canada, and LATAM)",3,"USD","GMT-4","Caribbean"]
["GP","GUADELOUPE",1,"Level I","The Americas (U.S., Canada, and LATAM)",3,"USD",null,"Caribbean"]
["GT","GUATEMALA",1,"Level II","The Americas (U.S., Canada, and LATAM)",3,"USD","GMT-6","Central America"]
["GN","GUINEA",2,"Level II","Europe, Middle East, and Africa (EMEA)",2,"USD","GMT+1","Africa"]
["GW","GUINEA-BISSAU",2,"Level II","Europe, Middle East, and Africa (EMEA)",2,"USD",null,"Africa"]
["GY","GUYANA",1,"Level II","The Americas (U.S., Canada, and LATAM)",3,"USD","GMT-4","South America"]
["HT","HAITI",2,"Level II","The Americas (U.S., Canada, and LATAM)",3,"USD","GMT-5","Caribbean"]
["HN","HONDURAS",1,"Level II","The Americas (U.S., Canada, and LATAM)",3,"USD","GMT-6","Central America"]
["HK","HONG KONG",2,"Level II","Asia Pacific/Japan/Greater China (APJ/C)",1,"USD","GMT+8","APAC - Southeast Asia"]
["HU","HUNGARY",2,"Level I","Europe, Middle East, and Africa (EMEA)",2,"EUR",null,"EUROPE"]
["IS","ICELAND","List","Standard List Price","Europe, Middle East, and Africa (EMEA)",2,"EUR",null,"EUROPE"]
["IN","INDIA",2,"Level II","Asia Pacific/Japan/Greater China (APJ/C)",1,"USD",null,"APAC - South Asia"]
["ID","INDONESIA",2,"Level II","Asia Pacific/Japan/Greater China (APJ/C)",1,"USD",null,"APAC - Southeast Asia"]
["IR","IRAN",2,"Embargoed","Europe, Middle East, and Africa (EMEA)",2,"USD",null,"Middle East"]
["IQ","IRAQ",2,"Level II","Europe, Middle East, and Africa (EMEA)",2,"USD",null,"Middle East"]
["IE","IRELAND","List","Standard List Price","Europe, Middle East, and Africa (EMEA)",2,"EUR",null,"EUROPE"]
["IL","ISRAEL",2,"Standard List Price","Europe, Middle East, and Africa (EMEA)",2,"USD",null,"Middle East"]
["IT","ITALY","List","Standard List Price","Europe, Middle East, and Africa (EMEA)",2,"EUR",null,"EUROPE"]
["JM","JAMAICA",2,"Level II","The Americas (U.S., Canada, and LATAM)",3,"USD","GMT-5","Caribbean"]
["JP","JAPAN",1,"Standard List Price","Asia Pacific/Japan/Greater China (APJ/C)",1,"USD","GMT+9","APAC - Southeast Asia"]
["JO","JORDAN",2,"Level II","Europe, Middle East, and Africa (EMEA)",2,"USD",null,"Middle East"]
["KZ","KAZAKHSTAN",2,"Level II","Europe, Middle East, and Africa (EMEA)",2,"USD","GMT+6","EUROPE"]
["KE","KENYA",2,"Level II","Europe, Middle East, and Africa (EMEA)",2,"USD","GMT+3","Africa"]
["KV","KOSOVO",2,"Level II","Europe, Middle East, and Africa (EMEA)",2,"USD",null,"EUROPE"]
["KW","KUWAIT",2,"Level I","Europe, Middle East, and Africa (EMEA)",2,"USD","GMT+3","Middle East"]
["KG","KYRGYZSTAN",2,"Level II","Asia Pacific/Japan/Greater China (APJ/C)",1,"USD","GMT+6","APAC - Central Asia"]
["LA","LAOS",2,"Standard List Price","Asia Pacific/Japan/Greater China (APJ/C)",1,"USD","GMT+7","APAC - Southeast Asia"]
["LV","LATVIA",2,"Level II","Europe, Middle East, and Africa (EMEA)",2,"EUR",null,"EUROPE"]
["LB","LEBANON",2,"Level II","Europe, Middle East, and Africa (EMEA)",2,"USD",null,"Middle East"]
["LS","LESOTHO",2,"Level II","Europe, Middle East, and Africa (EMEA)",2,"USD","GMT+2","Africa"]
["LR","LIBERIA",2,"Level II","Europe, Middle East, and Africa (EMEA)",2,"USD",null,"Africa"]
["LY","LIBYA",2,"Level I","Europe, Middle East, and Africa (EMEA)",2,"USD","GMT+2","Africa"]
["LI","LIECHTENSTEIN","List","Standard List Price","Europe, Middle East, and Africa (EMEA)",2,"EUR",null,"EUROPE"]
["LT","LITHUANIA",2,"Level II","Europe, Middle East, and Africa (EMEA)",2,"EUR",null,"EUROPE"]
["LU","LUXEMBOURG","List","Standard List Price","Europe, Middle East, and Africa (EMEA)",2,"EUR",null,"EUROPE"]
["MO","MACAU",2,"Level II","Asia Pacific/Japan/Greater China (APJ/C)",1,"USD",null,"APAC - Southeast Asia"]
["MK","MACEDONIA",2,"Level II","Europe, Middle East, and Africa (EMEA)",2,"EUR",null,"EUROPE"]
["MG","MADAGASCAR",2,"Level II","Europe, Middle East, and Africa (EMEA)",2,"USD","GMT+3","Africa"]
["MW","MALAWI",2,"Level II","Europe, Middle East, and Africa (EMEA)",2,"USD","GMT+2","Africa"]
["MY","MALAYSIA",2,"Level I","Asia Pacific/Japan/Greater China (APJ/C)",1,"USD","GMT+8","APAC - Southeast Asia"]
["MV","MALDIVES",2,"Level II","Asia Pacific/Japan/Greater China (APJ/C)",1,"USD","GMT+5","APAC - South Asia"]
["ML","MALI",2,"Level II","Europe, Middle East, and Africa (EMEA)",2,"USD",null,"Africa"]
["MQ","MARTINIQUE",1,"Level I","The Americas (U.S., Canada, and LATAM)",3,"USD",null,"Caribbean"]
["MR","MAURITANIA",2,"Level II","Europe, Middle East, and Africa (EMEA)",2,"USD",null,"Africa"]
["MU","MAURITIUS",2,"Level II","Europe, Middle East, and Africa (EMEA)",2,"USD","GMT+4","Africa"]
["YT","MAYOTTE",2,"Level II","Europe, Middle East, and Africa (EMEA)",2,"USD",null,"EUROPE"]
["MX","MEXICO",1,"Level I","The Americas (U.S., Canada, and LATAM)",3,"USD",null,"North America"]
["MD","MOLDOVA",2,"Standard List Price","Europe, Middle East, and Africa (EMEA)",2,"USD","GMT+3","EUROPE"]
["MC","MONACO","List","Standard List Price","Europe, Middle East, and Africa (EMEA)",2,"EUR",null,"EUROPE"]
["ME","MONTENEGRO",2,"Level II","Europe, Middle East, and Africa (EMEA)",2,"EUR",null,"EUROPE"]
["MS","MONTSERRAT",1,"Level I","The Americas (U.S., Canada, and LATAM)",3,"USD",null,"Caribbean"]
["MA","MOROCCO",2,"Level II","Europe, Middle East, and Africa (EMEA)",2,"USD",null,"Africa"]
["MZ","MOZAMBIQUE",2,"Level II","Europe, Middle East, and Africa (EMEA)",2,"USD","GMT+2","Africa"]
["MM","MYANMAR",2,"Level II","Asia Pacific/Japan/Greater China (APJ/C)",1,"USD",null,"APAC - Southeast Asia"]
["NA","NAMIBIA",2,"Level II","Europe, Middle East, and Africa (EMEA)",2,"USD",null,"Africa"]
["NP","NEPAL",2,"Level II","Asia Pacific/Japan/Greater China (APJ/C)",1,"USD",null,"APAC - South Asia"]
["NL","NETHERLANDS","List","Standard List Price","Europe, Middle East, and Africa (EMEA)",2,"EUR",null,"EUROPE"]
["AN","NETHERLANDS ANTILLES",1,"Level I","The Americas (U.S., Canada, and LATAM)",3,"USD",null,"Caribbean"]
["NZ","NEW ZEALAND",1,"Standard List Price","Asia Pacific/Japan/Greater China (APJ/C)",1,"USD",null,"APAC - Pacific Islands"]
["NI","NICARAGUA",1,"Level II","The Americas (U.S., Canada, and LATAM)",3,"USD","GMT-6","Central America"]
["NE","NIGER",2,"Level II","Europe, Middle East, and Africa (EMEA)",2,"USD","GMT+1","Africa"]
["NG","NIGERIA",2,"Level II","Europe, Middle East, and Africa (EMEA)",2,"USD","GMT+1","Africa"]
["KP","NORTH KOREA","Embargoed","Embargoed","Asia Pacific/Japan/Greater China (APJ/C)",1,"USD","GMT+9","APAC - Others"]
["NO","NORWAY","List","Standard List Price","Europe, Middle East, and Africa (EMEA)",2,"EUR",null,"EUROPE"]
["OM","OMAN",2,"Level I","Europe, Middle East, and Africa (EMEA)",2,"USD","GMT+4","Middle East"]
["PK","PAKISTAN",2,"Level II","Asia Pacific/Japan/Greater China (APJ/C)",1,"USD","GMT+5","APAC - South Asia"]
["PS","PALESTINE",2,"Level II","Europe, Middle East, and Africa (EMEA)",2,"USD",null,"Middle East"]
["PA","PANAMA",1,"Level II","The Americas (U.S., Canada, and LATAM)",3,"USD","GMT-5","Central America"]
["PG","PAPUA NEW GUINEA",2,"Level II","Asia Pacific/Japan/Greater China (APJ/C)",1,"USD","GMT+10","APAC - Pacific Islands"]
["PY","PARAGUAY",1,"Level II","The Americas (U.S., Canada, and LATAM)",3,"USD",null,"South America"]
["PE","PERU",1,"Level II","The Americas (U.S., Canada, and LATAM)",3,"USD","GMT-5","South America"]
["PH","PHILIPPINES",2,"Level II","Asia Pacific/Japan/Greater China (APJ/C)",1,"USD","GMT+8","APAC - Southeast Asia"]
["PL","POLAND",2,"Level I","Europe, Middle East, and Africa (EMEA)",2,"EUR",null,"EUROPE"]
["PT","PORTUGAL","List","Standard List Price","Europe, Middle East, and Africa (EMEA)",2,"EUR",null,"EUROPE"]
["PR","PUERTO RICO",1,"Level I","The Americas (U.S., Canada, and LATAM)",3,"USD","GMT-4","Caribbean"]
["QA","QATAR",2,"Level I","Europe, Middle East, and Africa (EMEA)",2,"USD","GMT+3","Middle East"]
["RE","REUNION",2,"Level II","Europe, Middle East, and Africa (EMEA)",2,"USD",null,"EUROPE"]
["RO","ROMANIA",2,"Level I","Europe, Middle East, and Africa (EMEA)",2,"EUR",null,"EUROPE"]
["RU","RUSSIA",2,"Level I","Europe, Middle East, and Africa (EMEA)",2,"EUR",null,"EUROPE"]
["RW","RWANDA",2,"Level II","Europe, Middle East, and Africa (EMEA)",2,"USD","GMT+2","Africa"]
[null,"Saba",1,null,"The Americas (U.S., Canada, and LATAM)",3,null,null,"Caribbean"]
["BL","SAINT BARTHELEMY",1,"Level I","The Americas (U.S., Canada, and LATAM)",3,"USD",null,"Caribbean"]
[null,"Saint Croix",1,null,"The Americas (U.S., Canada, and LATAM)",3,null,null,"Caribbean"]
["SH","SAINT HELENA",2,"Level II","Europe, Middle East, and Africa (EMEA)",2,"USD",null,"Africa"]
[null,"Saint John",1,null,"The Americas (U.S., Canada, and LATAM)",3,null,null,"Caribbean"]
["KN","SAINT KITTS AND NEVIS",1,"Level I","The Americas (U.S., Canada, and LATAM)",3,"USD",null,"Caribbean"]
["LC","SAINT LUCIA",1,"Level I","The Americas (U.S., Canada, and LATAM)",3,"USD","GMT-4","Caribbean"]
["MF","SAINT MARTIN",1,"Level I","The Americas (U.S., Canada, and LATAM)",2,"USD",null,"Caribbean"]
["PM","SAINT PIERRE AND MIQUELON","List","Standard List Price","The Americas (U.S., Canada, and LATAM)",3,"USD",null,"North America"]
[null,"Saint Thomas",1,null,"The Americas (U.S., Canada, and LATAM)",3,null,null,"Caribbean"]
["VC","SAINT VINCENT AND THE GRENADINES",1,"Level I","The Americas (U.S., Canada, and LATAM)",3,"USD",null,"Caribbean"]
["ST","SAO TOME AND PRINCIPE",2,"Level II","Europe, Middle East, and Africa (EMEA)",2,"USD",null,"Africa"]
["SA","SAUDI ARABIA",2,"Level I","Europe, Middle East, and Africa (EMEA)",2,"USD","GMT+3","Middle East"]
["SN","SENEGAL",2,"Level II","Europe, Middle East, and Africa (EMEA)",2,"USD",null,"Africa"]
["RS","SERBIA",2,"Level II","Europe, Middle East, and Africa (EMEA)",2,"EUR",null,"EUROPE"]
["SC","SEYCHELLES",2,"Level II","Europe, Middle East, and Africa (EMEA)",2,"USD","GMT+4","Africa"]
["SL","SIERRA LEONE",2,"Level II","Europe, Middle East, and Africa (EMEA)",2,"USD",null,"Africa"]
["SG","SINGAPORE",2,"Level I","Asia Pacific/Japan/Greater China (APJ/C)",1,"USD","GMT+8","APAC - Southeast Asia"]
["SK","SLOVAKIA",2,"Level I","Europe, Middle East, and Africa (EMEA)",2,"EUR",null,"EUROPE"]
["SI","SLOVENIA",2,"Level I","Europe, Middle East, and Africa (EMEA)",2,"EUR",null,"EUROPE"]
["SO","SOMALIA",2,"Level II","Europe, Middle East, and Africa (EMEA)",2,"USD","GMT+3","Africa"]
["ZA","SOUTH AFRICA",2,"Level I","Europe, Middle East, and Africa (EMEA)",2,"USD","GMT+2","Africa"]
["GS","SOUTH GEORGIA AND THE SOUTH SANDWICH ISLANDS","List","Standard List Price","Europe, Middle East, and Africa (EMEA)",2,"USD","GMT-2","South America"]
["KR","SOUTH KOREA",1,"Level I","Asia Pacific/Japan/Greater China (APJ/C)",1,"USD","GMT+9","APAC - Southeast Asia"]
["ES","SPAIN","List","Standard List Price","Europe, Middle East, and Africa (EMEA)",2,"EUR",null,"EUROPE"]
["LK","SRI LANKA",2,"Level II","Asia Pacific/Japan/Greater China (APJ/C)",1,"USD","GMT+6","APAC - South Asia"]
["SD","SUDAN",2,"Embargoed","Europe, Middle East, and Africa (EMEA)",2,"USD","GMT+3","Africa"]
["SR","SURINAME",1,"Level II","The Americas (U.S., Canada, and LATAM)",3,"USD","GMT-3","South America"]
["SZ","SWAZILAND",2,"Level II","Europe, Middle East, and Africa (EMEA)",2,"USD","GMT+2","Africa"]
["SE","SWEDEN","List","Standard List Price","Europe, Middle East, and Africa (EMEA)",2,"EUR",null,"EUROPE"]
["CH","SWITZERLAND","List","Standard List Price","Europe, Middle East, and Africa (EMEA)",2,"EUR",null,"EUROPE"]
["SY","SYRIA",2,"Embargoed","Europe, Middle East, and Africa (EMEA)",2,"USD",null,"Middle East"]
["TW","TAIWAN",2,"Level I","Asia Pacific/Japan/Greater China (APJ/C)",1,"USD","GMT+8","APAC - Southeast Asia"]
["TJ","TAJIKISTAN",2,"Level II","Asia Pacific/Japan/Greater China (APJ/C)",1,"USD","GMT+5","APAC - Central Asia"]
["TZ","TANZANIA",2,"Level II","Europe, Middle East, and Africa (EMEA)",2,"USD","GMT+3","Africa"]
["TH","THAILAND",2,"Level II","Asia Pacific/Japan/Greater China (APJ/C)",1,"USD","GMT+7","APAC - Southeast Asia"]
["TG","TOGO",2,"Level II","Europe, Middle East, and Africa (EMEA)",2,"USD",null,"Africa"]
[null,"Tortola",1,null,"The Americas (U.S., Canada, and LATAM)",3,null,null,"Caribbean"]
["TT","TRINIDAD AND TOBAGO",1,"Level I","The Americas (U.S., Canada, and LATAM)",3,"USD","GMT-4","Caribbean"]
["TN","TUNISIA",2,"Level II","Europe, Middle East, and Africa (EMEA)",2,"USD",null,"Africa"]
["TR","TURKEY",2,"Level II","Europe, Middle East, and Africa (EMEA)",2,"USD",null,"SPLIT WITH EUROPE AND ASIA"]
["TM","TURKMENISTAN",2,"Level II","Asia Pacific/Japan/Greater China (APJ/C)",1,"USD","GMT+5","APAC - Central Asia"]
["TC","TURKS AND CAICOS ISLANDS",1,"Level I","The Americas (U.S., Canada, and LATAM)",3,"USD",null,"Caribbean"]
["UG","UGANDA",2,"Level II","Europe, Middle East, and Africa (EMEA)",2,"USD","GMT+3","Africa"]
["UA","UKRAINE",2,"Level II","Europe, Middle East, and Africa (EMEA)",2,"EUR",null,"EUROPE"]
["AE","UNITED ARAB EMIRATES",2,"Level I","Europe, Middle East, and Africa (EMEA)",2,"USD","GMT+4","Middle East"]
["GB","UNITED KINGDOM","List","Standard List Price","Europe, Middle East, and Africa (EMEA)",2,"GBP",null,"EUROPE"]
["US","UNITED STATES","List","Standard List Price","The Americas (U.S., Canada, and LATAM)",3,"USD",null,"North America","LO Rochester"]
["UY","URUGUAY",1,"Level I","The Americas (U.S., Canada, and LATAM)",3,"USD",null,"South America"]
["UZ","UZBEKISTAN",2,"Level II","Asia Pacific/Japan/Greater China (APJ/C)",1,"USD","GMT+5","APAC - Central Asia"]
["VA","VATICAN CITY STATE","List","Standard List Price","Europe, Middle East, and Africa (EMEA)",2,"USD",null,"EUROPE"]
["VE","VENEZUELA",1,"Level II","The Americas (U.S., Canada, and LATAM)",3,"USD",null,"South America"]
["VN","VIETNAM",2,"Level II","Asia Pacific/Japan/Greater China (APJ/C)",1,"USD","GMT+7","APAC - Southeast Asia"]
["VG","VIRGIN ISLANDS, BRITISH",1,"Level I","The Americas (U.S., Canada, and LATAM)",3,"USD","GMT-4","Caribbean"]
["EH","WESTERN SAHARA",2,"Level II","Europe, Middle East, and Africa (EMEA)",2,"USD",null,"Africa"]
["YE","YEMEN",2,"Level II","Europe, Middle East, and Africa (EMEA)",2,"USD","GMT+3","Middle East"]
["ZM","ZAMBIA",2,"Level II","Europe, Middle East, and Africa (EMEA)",2,"USD","GMT+2","Africa"]
["ZW","ZIMBABWE",2,"Level II","Europe, Middle East, and Africa (EMEA)",2,"USD","GMT+2","Africa"]

{"sheet":"Lab Terms and Conditions","index":2,"n_rows":28,"n_cols":1,"rows_kept":28,"cut":false,"hidden":false,"merged":[]}
["Lab Reservation Policy Guidelines"]
[" "]
["1.  A gear/lab reservation is intended to be utilized with the delivery of a training course"]
[]
["•  Gear/Lab reservations are allowed to be scheduled up to one year in advance."]
["• Sunday or Monday class start date is preferred; alternate start days will be considered. Final reservations must be made three business days prior to the class start date. "]
["• Customer will do a remote lab connectivity test to verify their network spped, quality, etc. "]
["• Instructor must run through the labs at least once before the start of class to expect support. Instructors can request access to labs for preparation purposes at no cost (some restrictions apply)."]
[]
["2.  Logical Operations customers are required to make reservations through Logical Operations."]
[]
["3. Fourteen (14) Day Lab Reservation Cancellation Policy"]
["•  In order to ensure that the courseware is received on time, the customer has up until 14 calendar days prior to class start date to cancel a lab reservation.  A cancellation request that is made on the last available day to cancel, it must be submitted to Logical Operations by Noon (EST) to be processed in accordance with the policy."]
["•  Before the 14 calendar day cancellation window, Logical Operations can change the following within the reservation for a customer:"]
["o  Course Instructor: Allowed"]
["o  Delete student(s): Allowed"]
["o  Add new student(s): Allowed "]
["·           Dependent on POD availability, please contact Customer Service"]
["o  Class dates: Allowed"]
["·           Dependent on POD availability, please contact Customer Service"]
["o  Training course: NOT allowed"]
["•  After the 14 calendar day cancellation window has passed, you will be responsible for your order in full.  The only update to a reservation that can be made is to add additional students. This is dependent on lab availability and proximity to the class start date.   "]
[]
["4. To make any changes to a lab reservation, a customer must re-submit their previously submitted order form to Logical Operations with a description of the changes they would like made to their lab reservation.  The subject line of the email must include \"CHANGE REQUEST\" to ensure the order is not duplicated."]
[]
["5. Due to the complexity of these products, lab orders may take multiple days for Logical Operations to fulfill. Confirmation and additional correspondance will come from ESX Lab."]
[]
["6.  The courseware component of an order must be purchased separately at the customer's convience at https://store.logicaloperations.com."]

{"sheet":"Order Form Page 1","index":3,"n_rows":61,"n_cols":8,"rows_kept":61,"cut":false,"hidden":false,"merged":[[51,2,51,3],[52,2,52,3],[52,0,52,1],[51,0,51,1],[52,4,52,6],[51,4,51,6],[47,0,47,7],[46,0,46,2],[49,1,49,2],[50,1,50,2],[48,0,48,7],[43,1,43,2],[45,1,45,2],[38,3,38,4],[38,5,38,6],[41,0,41,2],[42,1,42,2],[40,0,40,7],[39,3,39,4],[39,5,39,6],[17,0,19,0],[17,1,17,7],[18,1,18,7],[19,1,19,7],[26,1,26,7],[20,1,20,7],[21,1,21,7],[22,1,22,7],[23,1,23,7],[12,1,12,7],[13,1,13,7],[14,1,14,7],[15,1,15,7],[16,1,16,7],[37,0,37,7],[24,0,24,7],[27,1,27,7],[28,1,28,7],[29,0,31,0],[29,1,29,7],[30,1,30,7],[31,1,31,7],[32,1,32,7],[33,1,33,7],[34,1,34,7],[35,1,35,7],[36,0,36,7],[25,0,25,1],[25,3,25,7],[0,1,2,3],[1,5,1,7],[2,5,2,7],[3,5,3,7],[4,0,4,7],[3,2,3,3],[0,0,3,0],[5,4,5,7],[8,0,8,7],[9,0,9,7],[10,0,10,7],[11,1,11,7],[6,0,6,7],[7,0,7,7],[5,0,5,3]]}
[{"$nulls":4},"For Internal Use Only:",null,"v20180525",{"$f":"CONCATENATE(B13,\"/\",A51,\"/\",E51,\"/\",B43)","v":"/Product/0/"}]
[]
[]
[null,null,"VMWare Labs Order Form",null,"DOT",{"$f":"IF(A51=\"\",\"\",VLOOKUP(A51,Gear!A:G,7,FALSE))","v":"DOT"}]
[{"$f":"TODAY()","v":"2023-05-12"}]
["PO#/or enter \"Credit Card\" to have someone contact for payment information-based on your account settings:"]
["Assumes a Monday class start.\n***ORDERS MUST BE SUBMITTED TO LOGICAL OPERATIONS BY NOON (EST), AT LEAST 14 CALENDAR DAYS BEFORE CLASS START DATE FOR PROCESSING ***"]
["1: All portions of form must be complete upon submission."]
["2: One unit of courseware must be purchased for every individual student registered for a lab"]
[{"$f":"IFERROR(IF(VLOOKUP(B23,#REF!,4,FALSE)=3,\"3: Send all completed forms to CustomerService@LogicalOperations.com\",IF(VLOOKUP(B23,#REF!,4,FALSE)=2,\"3: Send all completed forms to EMEAOrders@LogicalOperations.com\",\"3: Send all completed forms to GlobalOrders@LogicalOperations.com\")),\"3: Send all completed forms to your region's customer service team. Once you identify your Billing Country in cell B23, the proper email will be provided in this box\")","v":"3: Send all completed forms to your region's customer service team. Once you identify your Billing Country in cell B23, the proper email will be provided in this box"}]
["Ordering (Bill To) Information (all fields required):"]
[]
["Customer Name"]
["Bill-To Company Name"]
["Contact Name"]
["Contact Email"]
["Contact Phone"]
["Bill To Address"]
[]
[]
["Bill to City"]
["Bill to State"]
["Bill to Country"]
["Bill to Postal Code"]
[]
["Is all of the courseware on your order being shipped to one location?",null,null,{"$f":"IF(C26=\"\",\"\",IF(C26=\"Yes\",\"\",\"For multiple ship to locations, please go to *Order Form Page 2* tab and complete the information for each student's ship to information.\"))","v":""}]
["Ship to Name"]
["Ship to Email"]
["Ship to Phone"]
["Ship to Address"]
[]
[]
["Ship to City"]
["Ship to State"]
["Ship to Country"]
["Ship to Postal Code"]
[]
["Class Information (Three Choices are required on the form):  (Format should be mm/dd/yyyy-mm/dd/yyyy)"]
["Class Start Date- End Date (First Choice)",null,"Class Start Date- End Date (Second Choice)",null,null,"Class Start Date- End Date (Third Choice)"]
["Class Start Time",null,"Class End Time",null,null,"Time Zone"]
[]
["Class Instructor"]
["Full Name"]
["Email Address"]
["Mobile Phone Number"]
["Instructor Status"]
["NOTE: Instructor lab access is available for no additional charge (subject to availability)."]
[]
["Product Information:"]
["Product ","Course Name",null,"Part Number","Quantity","Item Unit List Cost","Regional Unit Cost","Product Subtotal"]
["Product",{"$f":"IF(A51=\"\",\"\",VLOOKUP(A51,Gear!A:B,2,FALSE))","v":"Course Name"},null,{"$f":"IF(A51=\"\",\"\",VLOOKUP(A51,Gear!A:F,4,FALSE))","v":"Part Number"},{"$f":"C53","v":0},{"$f":"IF(B39=\"\",\"\",IF(D39=\"\",\"\",IF(H40=\"\",\"\",VLOOKUP(A51,Gear!A:F,6,FALSE))))","v":""},{"$f":"IF(B23=\"\",\"\",IF(VLOOKUP(B23,Country!B:C,2,FALSE)=\"List\",'Order Form Page 1'!F51,IF(VLOOKUP(B23,Country!B:C,2,FALSE)=1,('Order Form Page 1'!F51)*0.8,IF(VLOOKUP(B23,Country!B:C,2,FALSE)=2,('Order Form Page 1'!F51)*0.7))))","v":""},{"$f":"IF(F51=\"\",\"\",E51*G51)","v":""}]
[null,null,"Requested Number of Student Seats & Courseware"]
[]
[]
["NOTES: ","All pricing is shows in USD. "]
[null,"There are Country/Regional Tier Discounts."]
[null,"Tier 1 = 20% off","LATA, Eastern Europe, ANZ, Japan and Korea"]
[]
[null,"Tier 2 = 30% off","Russia, Bahrain, Israel, Kuwait, Oman, Qatar, Saudi Arabia, UAE, Taiwan, Malaysia, Singapore, Brunei, Africa/North Africa, Middle East, Sri Lanka, Hong Kong, Macau, Thailand, Indonesia, Myanmar, Vietnam, Laos, Cambodia, Mongolia, China, Nepal and India"]
[]
[null,"All other countries are at list price"]

{"sheet":"Gear","index":4,"n_rows":47,"n_cols":7,"rows_kept":47,"cut":false,"hidden":false,"merged":[]}
["Product","Course Name","Type","Part Number","Audience","Lab List Price","DOT"]
["vSphere 6.0 ","VMware vSphere 6.0 with ESXi and vCenter Student Lab","Virtual Lab","035014SL","Student",225,5]
["vSphere 6.0 Bootcamp","VMware vSphere 6.0 with ESXi and vCenter Boot Camp Student Lab","Virtual Lab","035015SL","Student",250,5]
["vSphere 6.5","VMware vSphere with ESXi and vCenter v6.5 Student Lab","Virtual Lab","035008SL","Student",225,5]
["vSphere 6.5 Bootcamp","VMware vSphere v6.5 Bootcamp Student Lab","Virtual Lab","035009SL","Student",250,5]
["vSphere 6.5","VMware vSphere 6.5 Optimize, Upgrade, Troubleshoot","Virtual Lab","035007SL","Student",225,5]
["vSphere 6.7","VMware vSphere with ESXi and vCenter 6.7 Student Lab","Virtual Lab","035138SL","Student",225,5]
["vSphere 6.7 Bootcamp","VMware vSphere 6.7 Bootcamp Student Lab","Virtual Lab","035139SL","Student",250,5]
["vSphere 6.7","VMware vSphere 6.7 Optimize, Upgrade, Troubleshoot Student Lab","Virtual Lab","035140SL","Student",225,5]
["vSphere 7.0 Bootcamp","VMware vSphere 7.0 Bootcamp Student Lab","Virtual Lab ","035148SL","Student",250,5]
["vSphere 7.0  ","VMware vSphere with ESXi and vCenter 7.0 Student Lab","Virtual Lab ","035147SL","Student",225,5]
["vSphere 8.0  ","VMware vSphere 8.0 with ESXi and vCenter Student Lab","Virtual Lab ","035092SL","Student",225,5]
["vSphere 8.0 Bootcamp","VMware vSphere 8.0 Boot Camp Student Lab","Virtual Lab ","035093SL","Student",225,5]
{"$rows_empty":32}
[null,"(DCAC9K) Configuring Cisco Nexus 9000 Series Switches in ACI Mode v1.0 Lab Included","CLL-DCAC9K-1.0-SP","EKTRNSK-866-SP","8-10-12-14-16",500,5]
["DCAC9K"]

{"sheet":"Gear Rules","index":5,"n_rows":60,"n_cols":10,"rows_kept":60,"cut":false,"hidden":true,"merged":[]}
["KEY:","In tooldrop down but not on list provided by Cisco","Bundle identifier","Lab Part #","Kits part #"]
[null,"Need info from Cisco"]
[null,"On list provided by Cisco but not available in tool drop down"]
[null,"Required by Cisco to be bundled with courseware"]
["Data Center labs:"]
["Per Student (Standard)","Course Name","Product Code",null,null,"REQUIREMENTS","Kit Price","Lab Price","MINCOST","Note"]
["DCUFD","Designing Cisco Data Center Unified Fabric","CLL-DCUFD-5.0-SP","CLL-DCUFD-5.0-LAB","TRNSK-779-SP","6-8-10-12",300,450,750]
["DCUFI","Implementing Cisco Data Center Unified Fabric","CLL-DCUFI-5.0-SP","CLL-DCUFI-5.0-LAB","TRNSK-796-SP","6-8-10-12",300,450,750]
["DCUFT (3 DAY)","Troubleshooting Cisco Data Center Unified Fabric","CLL-DCUFT-3D-5.0-SP","CLL-DCUFT-3D-5.0-LAB","TRNSK-795-SP","6-8-10-12",250,360,610]
["DCUFT (4 DAY)","Troubleshooting Cisco Data Center Unified Fabric","CLL-DCUFT-4D-5.0-SP","CLL-DCUFT-4D-5.0-LAB","TRNSK-795-SP","6-8-10-12",250,405,655]
["DCUFT (5 DAY)","Troubleshooting Cisco Data Center Unified Fabric","CLL-DCUFT-5D-5.0-SP","CLL-DCUFT-5D-5.0-LAB","TRNSK-795-SP","6-8-10-12",250,450,700]
["DCUCI","Implementing Cisco Data Center Unified Fabric","CLL-DCUCI-5.0-SP","CLL-DCUCI-5.0-LAB","TRNSK-784-SP","6-8-10-12",300,450,750]
["DCUCT (3 DAY)","Troubleshooting  Cisco Data Center Unified Computing","CLL-DCUCT-5.0-LAB",null,null,"6-8-10-12",250,360,610]
["DCICN ( 4 DAY)","Introducing Cisco Data Center Networking","CLL-DCICN-5.0-SP","CLL-DCICN-5.0-LAB","TRNSK-798-SP","8-10-12-14-16",275,405,680]
["DCICT","Introducing Cisco Data Center Technologies","CLL-DCICT-5.0-SP","CLL-DCICT-5.0-LAB","TRNSK-780-SP","8-10-12-14-16",300,450,750]
["DCAC9K","Configuring Cisco Nexus 9000 Switches in ACI Mode","CLL-DCAC9K-1.0-SP","CLL-DCAC9K-1.0-LAB","TRNSK-866-SP","8-10-12-14-16",400,500,900,"This product has ESD category pricing "]
["DCINX9K (2 Day)","Introducing Cisco Nexus 9000 and Application Centric Infrastructure (ACI)","CLL-DCINX9K-1.0-SP","CLL-DCINX9K-1.0-LAB","TRNSK-848-SP","8-10-12-14-16",300,350,650,"This product has ESD category pricing "]
[]
["Service Provider labs:"]
["Per Student (Standard)","Course Name","Product Code",null,null,"REQUIREMENTS","Kit Price","Lab Price","MINCOST"]
["SPNGN1","Building Cisco Service Provider Next-Generation Networks, Part 1","CLL-SPNGN1-1.2-SP","CLL-SPNGN1-1.2-LAB","TRNSK-872-SP",4,300,300,600]
["SPNGN2","Building Cisco Service Provider Next-Generation Networks, Part 2","CLL-SPNGN2-1.2-SP","CLL-SPNGN2-1.2-LAB","TRNSK-873-SP",4,300,300,600]
["SPROUTE","Deploying Cisco Service Provider Network Routing","CLL-SPROUTE-1.2-SP","CLL-SPROUTE-1.2-LAB","TRNSK-868-SP",4,300,300,600]
["SPADVROUTE","Deploying Cisco Service Provider Advanced Network Routing","CLL-SPADVROUTE-1.2-SP","CLL-SPADVROUTE-1.2-LAB","TRNSK-871-SP",4,300,300,600]
["SPEDGE","Implementing Cisco Service Provider Next-Generation Edge Network Services","CLL-SPEDGE-1.2-SP","CLL-SPEDGE-1.2-LAB","TRNSK-869-SP",4,300,300,600]
["SPCORE","Implementing Cisco Service Provider Next-Generation  Core Network Services","CLL-SPCORE-1.2-SP","CLL-SPCORE-1.2-LAB","TRNSK-870-SP",4,300,300,600]
[]
["CCNP Security labs:"]
["Per Student (Standard)","Course Names","Product Code",null,null,"REQUIREMENTS","Kit Price","Lab Price","MINCOST"]
["SIMOS","Implementing Cisco Secure Mobility Solutions","CLL-SIMOS-1.0-SP","CLL-SIMOS-1.0-LAB","TRNSK-838-SP","4-8",300,200,500]
["SENSS","Implementing Cisco Edge Network Security Solutions","CLL-SENSS-1.0-SP","CLL-SENSS-1.0-LAB","TRNSK-837-SP","4-8",300,200,500]
["SITCS","Implementing Cisco Threat Control Solutions","CLL-SITCS-1.0-SP","CLL-SITCS-1.0-LAB","TRNSK-839-SP","4-8",300,200,500]
["SISAS","Implementing Cisco Secure Access Solutions","CLL-SISAS-1.0-SP","CLL-SISAS-1.0-LAB","TRNSK-836-SP","4-8",300,200,500]
[]
["ASA-Advanced labs:"]
["Per Student (Standard)","Course Names","Product Code",null,null,"REQUIREMENTS","Kit Price","Lab Price","MINCOST"]
["SAEXS ( 2 DAY)","Cisco ASA Express Security","CLL-SAEXS-1.0-SP","CLL-SAEXS-1.0-LAB","TRNSK-844-SP","2-4-6-8",225,150,375]
["SASAA","Implementing Advanced Cisco ASA Security","CLL-SASAA-1.2-SP","CLL-SASAA-1.2-LAB","TRNSK-864-SP","2-4-6-8",300,150,450]
["SASAC","Implementing Core Cisco ASA Security","CLL-SASAC-1.0-SP","CLL-SASAC-1.0-LAB","TRNSK-851-SP","2-4-6-8",300,125,425]
[]
["Iron-port labs"]
["Per Student (Standard)","Course Names","Product Code",null,null,"REQUIREMENTS","Kit Price","Lab Price","MINCOST"]
["SESA",{"$nulls":5},250,50,300,"LO is not authorized partner to Deliver the content security labs"]
["SWSA",{"$nulls":5},225,50,275]
["PASESA",{"$nulls":5},225,50,275]
[]
["Video"]
["Per Student (Standard)","Course Names","Product Code",null,null,"REQUIREMENTS","Kit Price","Lab Price","MINCOST"]
["VIVND","Implementing Cisco VideoNetwork Devices, Part 1 and 2",null,null,null,1,null,null,null,"Instructors need to be verified before we provide the access to  the parnter in the tool."]
["VIVND2","Implementing Cisco VideoNetwork Devices, Part 2",null,null,null,1]
["VTVS","Telepresence Video Combo",null,null,null,"1-2-3-4",null,null,null,"Instructors need to be verified before we provide the access to  the parnter in the tool."]
["VTVS2","Advanced Telepresence Video Bundle",null,null,null,"1-2-3-4"]
[]
["SPOPS"]
["Per Student (Standard)","Course Names","Product Code",null,null,"REQUIREMENTS","Kit Price","Lab Price","MINCOST"]
["MSPQS","Maintaining Cisco Service Provider Quality of Service","EOL'd",null,null,4]
["MSPRP","Maintaining Cisco Service Provider Routing Protocols","EOL'd",null,null,4]
["MSPVM","Maintaining Cisco Service Provider VPNs and MPLS Networks","EOL'd",null,null,4]
["OFCN","Operational Foundations for Cisco Service Provider Core Networks","EOL'd",null,null,4]
["SSPO","Supporting Cisco Service Provider IP NGN Operations","EOL'd",null,null,4]

{"sheet":"PSW_Sheet","index":6,"n_rows":5,"n_cols":1,"rows_kept":5,"cut":false,"hidden":true,"merged":[]}
[{"$cut":{"chars":32761,"head":" %3c%3fxml+version%3d%221.0%22+encoding%3d%22utf-16%22%3f%3e%0d%0a%3cWizardSettings+xmlns%3axsi%3d%22http%3a%2f%2fwww.w3.org%2f2001%2fXMLSchema-instance%22+xmlns%3axsd%3d%22http%3a%2f%2fwww.w3.org%2f2001%2fXMLSchema%22%3e%0d%0a++%3cCss%3e%0a.Class11%7bfont-family%3a+Calibri%3b+font-size%3a9pt%3b+color%3aBlack%3btext-decoration%3anone%3bborder%3a+1px++None++Black+%3bbackground-color%3aWhite%3b+text-align%3aleft%3bvertical-align%3abottom%3b%7d%0a.Class12%7bfont-family%3a+Arial%3b+font-size%3a11pt%3b+color%3a%23336699%3btext-decoration%3a+underline%3bborder-style%3a+None+%3bborder-top-width%3a+1px+%3bborder-left-width%3a+1px+%3bborder-right-width%3a+1px+%3bborder-bottom-width%3a0%3bborder-top-color%3a+Black+%3bborder-left-color%3a+Black+%3bborder-right-color%3a+Black+%3bbackground-color%3aWhite%3b+text-align%3aleft%3bvertical-align%3abottom%3b%7d%0a.Class13%7bfont-family%3a+Calibri%3b+font-size%3a24pt%3b+color%3aBlack%3btext-decoration%3anone%3bborder-style%3a+None+%3bborder-top-width%3a+1px+%3bborder-left-width%3a+1px+%3bborder-right-width%3a0%3bborder-bottom-width%3a0%3bborder-top-color%3a+Black+%3bborder-left-color%3a+Black+%3bbackground-color%3aWhite%3b+text-align%3acenter%3bvertical-align%3abottom%3b%7d%0a.Class14%7bfont-family%3a+Calibri%3b+font-size%3a9pt%3b+color%3aBlack%3btext-decoration%3anone%3bborder-bottom-style%3a+Solid+%3bborder-width%3a+1px+%3bborder-color%3a+Black+%3bbackground-color%3aWhite%3b+text-align%3aleft%3bvertical-align%3abottom%3b%7d%0a.Class15%7bfont-family%3a+Calibri%3b+font-size%3a10pt%3b+color%3aBlack%3bfont-weight%3a+bold%3btext-decoration%3anone%3bborder-top-style%3a+Solid+%3bborder-left-style%3a+Solid+%3bborder-bottom-style%3a+Solid+%3bborder-top-width%3a+1px+%3bborder-left-width%3a+1px+%3bborder-right-width%3a0%3bborder-bottom-width%3a+1px+%3bborder-top-color%3a+Black+%3bborder-left-color%3a+Black+%3bborder-bottom-color%3a+Black+%3bbackground-color%3aWhite%3b+text-align%3acenter%3bvertical-align%3abottom%3b%7d%0a.Class16%7bfont-family%3a+Calibri%3b+font-size%3a10pt%3b+color%3aBlack%3bfont-weight%3a+bold%3btext-decoration%3anone%3bborder%3a+1px++Solid++Black+%3bbackground-color%3aBlack%3b+text-align%3aleft%3bvertical-align%3abottom%3b%7d%0a.Class17%7bfont-family%3a+Calibri%3b+font-size%3a10pt%3b+color%3aBlack%3bfont-weight%3a+bold%3btext-decoration%3anone%3bborder-top-style%3a+Solid+%3bborder-left-style%3a+Solid+%3bborder-bottom-style%3a+Solid+%3bborder-top-width%3a+1px+%3bborder-left-width%3a+1px+%3bborder-right-width%3a0%3bborder-bottom-width%3a+1px+%3bborder-top-color%3a+Black+%3bborder-left-color%3a+Black+%3bborder-bottom-color%3a+Black+%3bbackground-color%3a%2366CCFF%3b+text-align%3acenter%3bvertical-align%3abottom%3b%7d%0a.Class18%7bfont-family%3a+Calibri%3b+font-size%3a9pt%3b+color%3aBlack%3bfont-weight%3a+bold%3btext-decoration%3anone%3bborder-left-style%3a+Solid+%3bborder-bottom-style%3a+Solid+%3bborder-width%3a+1px+%3bborder-color%3a+Black+%3bbackground-color%3aBlack%3b+text-align%3acenter%3bvertical-align%3abottom%3b%7d%0a.Class19%7bfont-family%3a+Calibri%3b+font-size%3a10pt%3b+color%3aRed%3bfont-weight%3a+bold%3btext-decoration%3anone%3bborder%3a+1px++Solid++Black+%3bbackground-color%3aWhite%3b+text-align%3aleft%3bvertical-align%3abottom%3b%7d%0a.Class20%7bfont-family%3a+Calibri%3b+font-size%3a10pt%3b+color%3aBlack%3btext-decoration%3anone%3bborder%3a+1px++Solid++Black+%3bbackground-color%3aBlack%3b+text-align%3aleft%3bvertical-align%3abottom%3b%7d%3c%2fCss%3e%0d%0a++%3cCulture%3een-US%3c%2fCulture%3e%0d%0a++%3cLog+%2f%3e%0d%0a++%3cMergedSavingCells+%2f%3e%0d%0a++%3cPageInputCells%3e%0d%0a++++%3cInputCellsCollection%3e%0d%0a++++++%3cInputCells%3e%0d%0a++++++++%3cCellCount%3e0%3c%2fCellCount%3e%0d%0a++++++%3c%2fInputCells%3e%0d%0a++++++%3cInputCells%3e%0d%0a++++++++%3cCellCount%3e0%3c%2fCellCount%3e%0d%0a++++++%3c%2fInputCells%3e%0d%0a++++%3c%2fInputCellsCollection%3e%0d%0a++%3c%2fPageInputCells%3e%0d%0a++%3cConsolidation+%2f%3e%0d%0a++%3cPageLayouts%3e%0d%0a++++%3cApplicationFullName+%2f%3e%0d%0a++++%3cIsTabsVisible%3etrue%3c%2fIsTabsVisible%3e%0d%0a++++%3cPageLayoutCollection%3"}}]
[{"$cut":{"chars":32761,"head":" n%3e%0d%0a++++++++++++++++++%3cX%3e964%3c%2fX%3e%0d%0a++++++++++++++++++%3cY%3e21%3c%2fY%3e%0d%0a++++++++++++++++%3c%2fLocation%3e%0d%0a++++++++++++++++%3cSize%3e%0d%0a++++++++++++++++++%3cX%3e108%3c%2fX%3e%0d%0a++++++++++++++++++%3cY%3e21%3c%2fY%3e%0d%0a++++++++++++++++%3c%2fSize%3e%0d%0a++++++++++++++%3c%2fTD%3e%0d%0a++++++++++++++%3cTD%3e%0d%0a++++++++++++++++%3cMerge%3eFalse%3c%2fMerge%3e%0d%0a++++++++++++++++%3cWidth%3e4.5%3c%2fWidth%3e%0d%0a++++++++++++++++%3cHeight%3e16.5%3c%2fHeight%3e%0d%0a++++++++++++++++%3cAlign%3eLeft%3c%2fAlign%3e%0d%0a++++++++++++++++%3cFontName%3eCalibri%3c%2fFontName%3e%0d%0a++++++++++++++++%3cWrapText%3eFalse%3c%2fWrapText%3e%0d%0a++++++++++++++++%3cFontSize%3e9%3c%2fFontSize%3e%0d%0a++++++++++++++++%3cX%3e16%3c%2fX%3e%0d%0a++++++++++++++++%3cY%3e2%3c%2fY%3e%0d%0a++++++++++++++++%3cLocation%3e%0d%0a++++++++++++++++++%3cX%3e1072%3c%2fX%3e%0d%0a++++++++++++++++++%3cY%3e21%3c%2fY%3e%0d%0a++++++++++++++++%3c%2fLocation%3e%0d%0a++++++++++++++++%3cSize%3e%0d%0a++++++++++++++++++%3cX%3e5%3c%2fX%3e%0d%0a++++++++++++++++++%3cY%3e21%3c%2fY%3e%0d%0a++++++++++++++++%3c%2fSize%3e%0d%0a++++++++++++++%3c%2fTD%3e%0d%0a++++++++++++%3c%2fTDs%3e%0d%0a++++++++++++%3cIsRowVisible%3etrue%3c%2fIsRowVisible%3e%0d%0a++++++++++%3c%2fTR%3e%0d%0a++++++++++%3cTR%3e%0d%0a++++++++++++%3cTDs%3e%0d%0a++++++++++++++%3cTD%3e%0d%0a++++++++++++++++%3cMerge%3eFalse%3c%2fMerge%3e%0d%0a++++++++++++++++%3cWidth%3e89.25%3c%2fWidth%3e%0d%0a++++++++++++++++%3cHeight%3e16.5%3c%2fHeight%3e%0d%0a++++++++++++++++%3cAlign%3eLeft%3c%2fAlign%3e%0d%0a++++++++++++++++%3cFontName%3eCalibri%3c%2fFontName%3e%0d%0a++++++++++++++++%3cWrapText%3eFalse%3c%2fWrapText%3e%0d%0a++++++++++++++++%3cFontSize%3e9%3c%2fFontSize%3e%0d%0a++++++++++++++++%3cX%3e1%3c%2fX%3e%0d%0a++++++++++++++++%3cY%3e3%3c%2fY%3e%0d%0a++++++++++++++++%3cLocation%3e%0d%0a++++++++++++++++++%3cX%3e0%3c%2fX%3e%0d%0a++++++++++++++++++%3cY%3e44%3c%2fY%3e%0d%0a++++++++++++++++%3c%2fLocation%3e%0d%0a++++++++++++++++%3cSize%3e%0d%0a++++++++++++++++++%3cX%3e118%3c%2fX%3e%0d%0a++++++++++++++++++%3cY%3e21%3c%2fY%3e%0d%0a++++++++++++++++%3c%2fSize%3e%0d%0a++++++++++++++%3c%2fTD%3e%0d%0a++++++++++++++%3cTD%3e%0d%0a++++++++++++++++%3cMerge%3eFalse%3c%2fMerge%3e%0d%0a++++++++++++++++%3cWidth%3e42%3c%2fWidth%3e%0d%0a++++++++++++++++%3cHeight%3e16.5%3c%2fHeight%3e%0d%0a++++++++++++++++%3cAlign%3eLeft%3c%2fAlign%3e%0d%0a++++++++++++++++%3cFontName%3eCalibri%3c%2fFontName%3e%0d%0a++++++++++++++++%3cWrapText%3eFalse%3c%2fWrapText%3e%0d%0a++++++++++++++++%3cFontSize%3e9%3c%2fFontSize%3e%0d%0a++++++++++++++++%3cX%3e2%3c%2fX%3e%0d%0a++++++++++++++++%3cY%3e3%3c%2fY%3e%0d%0a++++++++++++++++%3cLocation%3e%0d%0a++++++++++++++++++%3cX%3e118%3c%2fX%3e%0d%0a++++++++++++++++++%3cY%3e44%3c%2fY%3e%0d%0a++++++++++++++++%3c%2fLocation%3e%0d%0a++++++++++++++++%3cSize%3e%0d%0a++++++++++++++++++%3cX%3e56%3c%2fX%3e%0d%0a++++++++++++++++++%3cY%3e21%3c%2fY%3e%0d%0a++++++++++++++++%3c%2fSize%3e%0d%0a++++++++++++++%3c%2fTD%3e%0d%0a++++++++++++++%3cTD%3e%0d%0a++++++++++++++++%3cMerge%3eFalse%3c%2fMerge%3e%0d%0a++++++++++++++++%3cWidth%3e27%3c%2fWidth%3e%0d%0a++++++++++++++++%3cHeight%3e16.5%3c%2fHeight%3e%0d%0a++++++++++++++++%3cAlign%3eLeft%3c%2fAlign%3e%0d%0a++++++++++++++++%3cFontName%3eCalibri%3c%2fFontName%3e%0d%0a++++++++++++++++%3cWrapText%3eFalse%3c%2fWrapText%3e%0d%0a++++++++++++++++%3cFontSize%3e9%3c%2fFontSize%3e%0d%0a++++++++++++++++%3cX%3e3%3c%2fX%3e%0d%0a++++++++++++++++%3cY%3e3%3c%2fY%3e%0d%0a++++++++++++++++%3cLocation%3e%0d%0a++++++++++++++++++%3cX%3e174%3c%2fX%3e%0d%0a++++++++++++++++++%3cY%3e44%3c%2fY%3e%0d%0a++++++++++++++++%3c%2fLocation%3e%0d%0a++++++++++++++++%3cSize%3e%0d%0a++++++++++++++++++%3cX%3e36%3c%2fX%3e%0d%0a++++++++++++++++++%3cY%3e21%3c%2fY%3e%0d%0a++++++++++++++++%3c%2fSize%3e%0d%0a++++++++++++++%3c%2fTD%3e%0d%0a++++++++++++++%3cTD%3e%0d%0a++++++++++++++++%3cMerge%3eFalse%3c%2fMerge%3e%0d%0a++++++++++++++++%3cWidth%3e72.75%3c%2fWidth%3e%0d%0a++++++++++++++++%3cHeight%3e16.5%3c%2fHeight%3e%0d%0a++++++++++++++++%3cAlign%3eLeft%3c%2fAlign%3e%0d%0a++++++++++++++++%3cFontName%3eCalibri%3c%"}}]
[{"$cut":{"chars":32761,"head":" 3cY%3e0%3c%2fY%3e%0d%0a++++++++++++++++%3c%2fLocation%3e%0d%0a++++++++++++++++%3cSize%3e%0d%0a++++++++++++++++++%3cX%3e97%3c%2fX%3e%0d%0a++++++++++++++++++%3cY%3e21%3c%2fY%3e%0d%0a++++++++++++++++%3c%2fSize%3e%0d%0a++++++++++++++%3c%2fTD%3e%0d%0a++++++++++++++%3cTD%3e%0d%0a++++++++++++++++%3cMerge%3eFalse%3c%2fMerge%3e%0d%0a++++++++++++++++%3cWidth%3e48%3c%2fWidth%3e%0d%0a++++++++++++++++%3cHeight%3e16.5%3c%2fHeight%3e%0d%0a++++++++++++++++%3cAlign%3eLeft%3c%2fAlign%3e%0d%0a++++++++++++++++%3cFontName%3eCalibri%3c%2fFontName%3e%0d%0a++++++++++++++++%3cWrapText%3eFalse%3c%2fWrapText%3e%0d%0a++++++++++++++++%3cFontSize%3e9%3c%2fFontSize%3e%0d%0a++++++++++++++++%3cX%3e5%3c%2fX%3e%0d%0a++++++++++++++++%3cY%3e1%3c%2fY%3e%0d%0a++++++++++++++++%3cLocation%3e%0d%0a++++++++++++++++++%3cX%3e308%3c%2fX%3e%0d%0a++++++++++++++++++%3cY%3e0%3c%2fY%3e%0d%0a++++++++++++++++%3c%2fLocation%3e%0d%0a++++++++++++++++%3cSize%3e%0d%0a++++++++++++++++++%3cX%3e64%3c%2fX%3e%0d%0a++++++++++++++++++%3cY%3e21%3c%2fY%3e%0d%0a++++++++++++++++%3c%2fSize%3e%0d%0a++++++++++++++%3c%2fTD%3e%0d%0a++++++++++++++%3cTD%3e%0d%0a++++++++++++++++%3cStyle%3eClass13%3c%2fStyle%3e%0d%0a++++++++++++++++%3cMerge%3eTrue%3c%2fMerge%3e%0d%0a++++++++++++++++%3cRowSpan%3e3%3c%2fRowSpan%3e%0d%0a++++++++++++++++%3cColSpan%3e4%3c%2fColSpan%3e%0d%0a++++++++++++++++%3cFormat%3eGeneral%3c%2fFormat%3e%0d%0a++++++++++++++++%3cWidth%3e192%3c%2fWidth%3e%0d%0a++++++++++++++++%3cText%3eORDER+FORM%3c%2fText%3e%0d%0a++++++++++++++++%3cHeight%3e49.5%3c%2fHeight%3e%0d%0a++++++++++++++++%3cAlign%3eCenter%3c%2fAlign%3e%0d%0a++++++++++++++++%3cFontName%3eCalibri%3c%2fFontName%3e%0d%0a++++++++++++++++%3cWrapText%3eFalse%3c%2fWrapText%3e%0d%0a++++++++++++++++%3cFontSize%3e24%3c%2fFontSize%3e%0d%0a++++++++++++++++%3cX%3e6%3c%2fX%3e%0d%0a++++++++++++++++%3cY%3e1%3c%2fY%3e%0d%0a++++++++++++++++%3cLocation%3e%0d%0a++++++++++++++++++%3cX%3e372%3c%2fX%3e%0d%0a++++++++++++++++++%3cY%3e0%3c%2fY%3e%0d%0a++++++++++++++++%3c%2fLocation%3e%0d%0a++++++++++++++++%3cSize%3e%0d%0a++++++++++++++++++%3cX%3e64%3c%2fX%3e%0d%0a++++++++++++++++++%3cY%3e21%3c%2fY%3e%0d%0a++++++++++++++++%3c%2fSize%3e%0d%0a++++++++++++++%3c%2fTD%3e%0d%0a++++++++++++++%3cTD%3e%0d%0a++++++++++++++++%3cStyle%3eClass13%3c%2fStyle%3e%0d%0a++++++++++++++++%3cMerge%3eTrue%3c%2fMerge%3e%0d%0a++++++++++++++++%3cRowSpan%3e3%3c%2fRowSpan%3e%0d%0a++++++++++++++++%3cColSpan%3e4%3c%2fColSpan%3e%0d%0a++++++++++++++++%3cFormat%3eGeneral%3c%2fFormat%3e%0d%0a++++++++++++++++%3cWidth%3e204%3c%2fWidth%3e%0d%0a++++++++++++++++%3cHeight%3e49.5%3c%2fHeight%3e%0d%0a++++++++++++++++%3cAlign%3eCenter%3c%2fAlign%3e%0d%0a++++++++++++++++%3cFontName%3eCalibri%3c%2fFontName%3e%0d%0a++++++++++++++++%3cWrapText%3eFalse%3c%2fWrapText%3e%0d%0a++++++++++++++++%3cFontSize%3e24%3c%2fFontSize%3e%0d%0a++++++++++++++++%3cX%3e10%3c%2fX%3e%0d%0a++++++++++++++++%3cY%3e1%3c%2fY%3e%0d%0a++++++++++++++++%3cLocation%3e%0d%0a++++++++++++++++++%3cX%3e628%3c%2fX%3e%0d%0a++++++++++++++++++%3cY%3e0%3c%2fY%3e%0d%0a++++++++++++++++%3c%2fLocation%3e%0d%0a++++++++++++++++%3cSize%3e%0d%0a++++++++++++++++++%3cX%3e64%3c%2fX%3e%0d%0a++++++++++++++++++%3cY%3e21%3c%2fY%3e%0d%0a++++++++++++++++%3c%2fSize%3e%0d%0a++++++++++++++%3c%2fTD%3e%0d%0a++++++++++++++%3cTD%3e%0d%0a++++++++++++++++%3cMerge%3eFalse%3c%2fMerge%3e%0d%0a++++++++++++++++%3cWidth%3e48%3c%2fWidth%3e%0d%0a++++++++++++++++%3cHeight%3e16.5%3c%2fHeight%3e%0d%0a++++++++++++++++%3cAlign%3eLeft%3c%2fAlign%3e%0d%0a++++++++++++++++%3cFontName%3eCalibri%3c%2fFontName%3e%0d%0a++++++++++++++++%3cWrapText%3eFalse%3c%2fWrapText%3e%0d%0a++++++++++++++++%3cFontSize%3e9%3c%2fFontSize%3e%0d%0a++++++++++++++++%3cX%3e14%3c%2fX%3e%0d%0a++++++++++++++++%3cY%3e1%3c%2fY%3e%0d%0a++++++++++++++++%3cLocation%3e%0d%0a++++++++++++++++++%3cX%3e900%3c%2fX%3e%0d%0a++++++++++++++++++%3cY%3e0%3c%2fY%3e%0d%0a++++++++++++++++%3c%2fLocation%3e%0d%0a++++++++++++++++%3cSize%3e%0d%0a++++++++++++++++++%3cX%3e64%3c%2fX%3e%0d%0a++++++++++++++++++%3cY%3e21%3c%2fY%3e%0d%0a++++++++++++++++%3c%2fSize%3e%0d%0a++++++++++++++%3c%2fTD%3e%0d%0a++++++++++++++%3cTD%3e%0d%0a++++++++++"}}]
[{"$cut":{"chars":32761,"head":" Y%3e%0d%0a++++++++++++++++%3c%2fSize%3e%0d%0a++++++++++++++%3c%2fTD%3e%0d%0a++++++++++++%3c%2fTDs%3e%0d%0a++++++++++++%3cIsRowVisible%3etrue%3c%2fIsRowVisible%3e%0d%0a++++++++++%3c%2fTR%3e%0d%0a++++++++++%3cTR%3e%0d%0a++++++++++++%3cTDs%3e%0d%0a++++++++++++++%3cTD%3e%0d%0a++++++++++++++++%3cStyle%3eClass15%3c%2fStyle%3e%0d%0a++++++++++++++++%3cMerge%3eTrue%3c%2fMerge%3e%0d%0a++++++++++++++++%3cRowSpan+%2f%3e%0d%0a++++++++++++++++%3cColSpan%3e10%3c%2fColSpan%3e%0d%0a++++++++++++++++%3cFormat%3eGeneral%3c%2fFormat%3e%0d%0a++++++++++++++++%3cWidth%3e519%3c%2fWidth%3e%0d%0a++++++++++++++++%3cText%3eOrdering+information%3a%3c%2fText%3e%0d%0a++++++++++++++++%3cHeight%3e12.75%3c%2fHeight%3e%0d%0a++++++++++++++++%3cAlign%3eCenter%3c%2fAlign%3e%0d%0a++++++++++++++++%3cFontName%3eCalibri%3c%2fFontName%3e%0d%0a++++++++++++++++%3cWrapText%3eFalse%3c%2fWrapText%3e%0d%0a++++++++++++++++%3cFontSize%3e10%3c%2fFontSize%3e%0d%0a++++++++++++++++%3cX%3e1%3c%2fX%3e%0d%0a++++++++++++++++%3cY%3e5%3c%2fY%3e%0d%0a++++++++++++++++%3cLocation%3e%0d%0a++++++++++++++++++%3cX%3e0%3c%2fX%3e%0d%0a++++++++++++++++++%3cY%3e88%3c%2fY%3e%0d%0a++++++++++++++++%3c%2fLocation%3e%0d%0a++++++++++++++++%3cSize%3e%0d%0a++++++++++++++++++%3cX%3e118%3c%2fX%3e%0d%0a++++++++++++++++++%3cY%3e17%3c%2fY%3e%0d%0a++++++++++++++++%3c%2fSize%3e%0d%0a++++++++++++++%3c%2fTD%3e%0d%0a++++++++++++++%3cTD%3e%0d%0a++++++++++++++++%3cStyle%3eClass16%3c%2fStyle%3e%0d%0a++++++++++++++++%3cMerge%3eFalse%3c%2fMerge%3e%0d%0a++++++++++++++++%3cWidth%3e5.25%3c%2fWidth%3e%0d%0a++++++++++++++++%3cHeight%3e12.75%3c%2fHeight%3e%0d%0a++++++++++++++++%3cAlign%3eLeft%3c%2fAlign%3e%0d%0a++++++++++++++++%3cFontName%3eCalibri%3c%2fFontName%3e%0d%0a++++++++++++++++%3cWrapText%3eFalse%3c%2fWrapText%3e%0d%0a++++++++++++++++%3cFontSize%3e10%3c%2fFontSize%3e%0d%0a++++++++++++++++%3cX%3e11%3c%2fX%3e%0d%0a++++++++++++++++%3cY%3e5%3c%2fY%3e%0d%0a++++++++++++++++%3cLocation%3e%0d%0a++++++++++++++++++%3cX%3e692%3c%2fX%3e%0d%0a++++++++++++++++++%3cY%3e88%3c%2fY%3e%0d%0a++++++++++++++++%3c%2fLocation%3e%0d%0a++++++++++++++++%3cSize%3e%0d%0a++++++++++++++++++%3cX%3e6%3c%2fX%3e%0d%0a++++++++++++++++++%3cY%3e17%3c%2fY%3e%0d%0a++++++++++++++++%3c%2fSize%3e%0d%0a++++++++++++++%3c%2fTD%3e%0d%0a++++++++++++++%3cTD%3e%0d%0a++++++++++++++++%3cComment%3eKit+pricing+is+based+on+ship+to+location%3b+see+chart+to+the+right%3c%2fComment%3e%0d%0a++++++++++++++++%3cStyle%3eClass17%3c%2fStyle%3e%0d%0a++++++++++++++++%3cMerge%3eTrue%3c%2fMerge%3e%0d%0a++++++++++++++++%3cRowSpan+%2f%3e%0d%0a++++++++++++++++%3cColSpan%3e4%3c%2fColSpan%3e%0d%0a++++++++++++++++%3cFormat%3eGeneral%3c%2fFormat%3e%0d%0a++++++++++++++++%3cWidth%3e279.75%3c%2fWidth%3e%0d%0a++++++++++++++++%3cText%3eShipping+information%3a%3c%2fText%3e%0d%0a++++++++++++++++%3cHeight%3e12.75%3c%2fHeight%3e%0d%0a++++++++++++++++%3cAlign%3eCenter%3c%2fAlign%3e%0d%0a++++++++++++++++%3cFontName%3eCalibri%3c%2fFontName%3e%0d%0a++++++++++++++++%3cWrapText%3eFalse%3c%2fWrapText%3e%0d%0a++++++++++++++++%3cFontSize%3e10%3c%2fFontSize%3e%0d%0a++++++++++++++++%3cX%3e12%3c%2fX%3e%0d%0a++++++++++++++++%3cY%3e5%3c%2fY%3e%0d%0a++++++++++++++++%3cLocation%3e%0d%0a++++++++++++++++++%3cX%3e698%3c%2fX%3e%0d%0a++++++++++++++++++%3cY%3e88%3c%2fY%3e%0d%0a++++++++++++++++%3c%2fLocation%3e%0d%0a++++++++++++++++%3cSize%3e%0d%0a++++++++++++++++++%3cX%3e137%3c%2fX%3e%0d%0a++++++++++++++++++%3cY%3e17%3c%2fY%3e%0d%0a++++++++++++++++%3c%2fSize%3e%0d%0a++++++++++++++%3c%2fTD%3e%0d%0a++++++++++++++%3cTD%3e%0d%0a++++++++++++++++%3cStyle%3eClass18%3c%2fStyle%3e%0d%0a++++++++++++++++%3cMerge%3eFalse%3c%2fMerge%3e%0d%0a++++++++++++++++%3cWidth%3e4.5%3c%2fWidth%3e%0d%0a++++++++++++++++%3cHeight%3e12.75%3c%2fHeight%3e%0d%0a++++++++++++++++%3cAlign%3eCenter%3c%2fAlign%3e%0d%0a++++++++++++++++%3cFontName%3eCalibri%3c%2fFontName%3e%0d%0a++++++++++++++++%3cWrapText%3eFalse%3c%2fWrapText%3e%0d%0a++++++++++++++++%3cFontSize%3e9%3c%2fFontSize%3e%0d%0a++++++++++++++++%3cX%3e16%3c%2fX%3e%0d%0a++++++++++++++++%3cY%3e5%3c%2fY%3e%0d%0a++++++++++++++++%3cLocation%3e%0d%0a++++++++++++++++++%3cX%3e1072%3c%2fX%3e%0d%0a++++++"}}]
[" l4trY%2bJdPlmYfKnnBSfpnFfOHgHw1rXx08cX%2bv%2bItSlttLt5cMFf7meVijB4HHfFdz46%2fZ08ML4dlm8LX9xb6lbpvj86YMspAzg4wQT6iuiplOX4eaoYmu1U62V0r9zkpZ9m%2bMpyxWDwydFXtzStKSXVL%2fADPeSQF3EjGM5rOsPEOhX1xLBZ6xYzyQqWlWO4VigHUnngCvHf2UfHeo634e1XwprlwZrzSYm8iR2y7x8gqT32kdfevG%2fhLoWqeJ%2fide%2bGtMvnsYtReUX08Y%2bYQqxJAPvTo8P%2b%2fXhXqcvs7O9tGn1%2b4WI4t%2fd4WphqXP7ZtWvZpqyt23%2fDU%2bsbH4ieCLzXP7HtvE1hJeltoiEn3j6A9CfxrR8TeJ%2fD3h2MPresWljkZAlkAYj1A6mvGPF%2fww8D%2fCbR18cQtdXl5pg%2f0W3unUxzTnhGIA7E5%2fCuM%2bDfw61b4ware%2bKfF%2bqXn2RZdvmD707dSqZ4VR7DvThlOX1KbxKqyVGOjbWrl2S%2fr8xVM%2fzalWjgpUIvES1ST91R7yf9bel%2fpjwx4s8N%2bIs%2f2JrVnesvJSKQbvrtPNW7fV9JnvmsodTs5LlM7oEnVpFx1yoOeK8a8VfAK00W3%2fALd%2bHuq32naxY%2fvYleTcs2BnZ2xnHuK89%2fZWuLrUP2iprzUI9l5cQXLXAxgiQj5uO3OazjlGEr0KuIw9ZuMFezWt%2fPy80az4gx%2bFxVDCYvDpSqStdO8bd11uuzOh%2fbY1%2fRNZ0XRo9J1S1vHincyLDIGKjaeuOleufB%2fxD4dn8C6PpMGrWUtylioe3SUMwwvzZFfPX7THwu0n4fW9nf6ZfXVw2ozuHWfHy8E8YFenfBH4S6LoWn2njix1G7kmuNKctDKBty6HOMV6WNo4H%2byKKjUdk5cum77PseNluIzT%2fWHESlRjzNR5lzbR7rueg%2bBLf4d2%2bt3T%2bE00hb%2b4Be4NnjeRnnOOnNdTeXFvaW7XF1PHBCgy0kjhVUe5PAr5d%2fYz2x%2fFrXJWRQiW0hZz%2fCN5qt401zxT8bPis%2fhjRLww6PDIyooJEYiU8yuB94nsK5K%2bRSljZ05VfchFOUpdF%2fWx6GF4ojDLKdWFBe0qScYwjpdp7%2f5n0Gfib4BF4LU%2bKtP80nGPM46464xXTWN1a3tutxZ3EVxE3SSJwyn8RXiC%2fsw%2bF%2f7JMba5qJvNvEoC%2bWD%2fALmOn41wGk33i74D%2fE2HSb67e60e4cFow37q4iJxvUH7rCso5TgcWpRwNZua1tJWv6G08%2fzTASjPM8Mo0pO3NF35b90fU%2boaxpFjcrb3uqWdtM4ysc1wqMw9gTk1n%2bKPGfhbw5cLBreuWdlK%2bMRyP83PTIHIr5q%2fbNnWb4qaXe2hyZNMikhcD1YlT%2fKvQvCn7P8Ao2r6PDq%2fjTUdSvtZvohLcN52BGzDO0ZB6Zpf2Tg6GGpYjE1WlNbJa3%2fyKXEGY4nG18HgqCbpv4m9Lefm%2blj17w7r%2bia%2fbmfRtUtb6NfvGGQMV%2bo6irOsajY6Vp0t%2fqV1Fa20K7pJZW2qor5Nt9Nv%2fhB%2b0ZZabY3sjWk08YBLYE8Mh2gOBwSM11H7aWp3E%2fj7QfDt7fSWujtGJZioO3JfDMf72AB9Kt5BCWLpU6dS9Oa5k7a2W%2bnczXFlSGX16tajarSkoON9LvZ37Htnhj4ieCfEOpDT9G8R2d1csMrEGKs303AZPsK2tU1aw0%2b6t7a6n2zXb7YUClmY%2fQdvevGf%2bGfvBupXGl6v4S8Q3VrBEyyPLBKJGlHUMrD7rf5xXqvibw%2fNqVrYxwXgils2BF06lphgYypBHJ7549q87FUMvhUj7Go2ne6as0z2MDis2qUZvE0oqStZxd1JPe2v5lm18S6FcTQQw6lC73M728KjPzyJ95R7itWuN0L4e2emara36XkkklrL5qhlGNxDB2A7FsjP0rsq4sRGjGS9k215npYSeJlFvERSfl%2fXc4v9oLw3N4q%2bFGqaZaoXuVjE0Cr1ZkO7A%2buCPxr4gZWVmSRSrKSGUjkHuDX6J14J%2b0H8CZ9b1WfxL4PMS3U3zXFg2EWRv7yHoCe4NfT8MZxSwvNh67tFu6fn5nw3HHDlfHKOMwseacVZrq13Xp2OR%2bCfx7PhHwrF4f1zS57%2bC0yLaaFwHVSc7WB69TXaf8NP%2bGv%2bhc1T%2fvtK%2bftU8E%2bMNOumtrzwzqiSKcfLaswP0IGDVb%2fhGPEv%2fQvap%2f4Bv%2fhX0dbJMoxFR1WleWukv%2bCfG4fifiHCUo4eN7R01jr%2bR9Ff8NP%2bGv8AoXNU%2fwC%2b0o%2f4af8ADX%2fQuap%2f32lfOv8AwjHiX%2foXtU%2f8A3%2fwo%2f4RjxL%2fANC9qn%2fgG%2f8AhWf%2bruT9v%2fJv%2bCbf65cRd%2f8AyRf5H0V%2fw0%2f4a%2f6FzVP%2b%2b0o%2f4af8Nf8AQuap%2fwB9pXzr%2fwAIx4l%2f6F7VP%2fAN%2fwDCj%2fhGPEv%2fAEL2qf8AgG%2f%2bFH%2bruT9v%2fJv%2bCH%2buXEXf%2fwAkX%2bR9Ff8ADT%2fhr%2foXNU%2f77Sszxd%2b0zZXGg3Ftofh66S7mjKJJcyLsjyMZwOTXhH%2fCMeJf%2bhe1T%2fwDf%2fCpLXwj4ruZlig8Nas7MQABZv8AzxxVR4fyeDUrbf3v%2bCTPi7iOpFwvv2gr%2fkY8js7tI7FmYksT3Jr7A%2fZD8Mz%2bH%2fhTHc3aPHcatKbpkb%2bFSMJ%2bYrgPgd%2bz%2ffrq1vrnjYJDFbuJItOUhjIRyPMPQD2r6RVVVQqqFVRgADgCvE4nzqjXgsLQd1e7fT0PpuB%2bG8Rharx%2bLjyu1op767t9uwteUftgeF5vEHwtN7aRmS40eX7RtAyTHjD4%2fSvV6bIiSRtHIoZWGGUjII9K%2bTweKlhcRCvHeLuff5jgoY7CVMNPaSt%2fk%2fkzxb9jPxpa6l4H%2fwCEWurmNb7THPkozfNLETkEeuCSK9rr5u%2bNXwQ1nSfEB8UfDgSKm4yvaQSbJbd%2bpMZ7r7Vm6P8AG74qeH7dbTW%2fDj3zRgqJLm1kjcn3IHNfR4vKoZjN4rAzT5tXFuzT6nx%2bX59VyemsDmlOS5NFNJuMktv6%2b8%2bonZUUszBVUZJJ4FfKH7S%2fiZPiH8VtO8M6DJ9pt7SUW0bpkiSVj85HqAOM%2b1R%2bJPG%2fxh%2bJKjSbHSby1tLg7WjtLdo1cejSHtXrn7O%2fwdt%2fAsf9say8V3rkyYDLylsp6quep9TVYbDUskTxOImnVtaMU7%2fNmeNxlfiWSweEpuNC6c5yVrpa2S%2fr5Hmf7YtlDouqeDdPChorDThFgDghGA%2fpX0zoE8FzodncWrK0MlujRlTkY2jGK%2bcP27xnxb4fHraOP%2fH6saXr3xL%2bDMa6RLpEniLw%2byCSynVWPlqRnGVB24z0P4VpiMFLG5XheWS9p7zSbtfXW3S5lhMyhlmeY3ng%2fZe4m0r8vu6XS1s9T3D4uXNlafDPXJ9QK%2fZ1spA2445IwP1Ir5n%2bD1veP%2bzn4%2fkjVvL2J0PoAW%2fSrHjbxN8TfjJcW2i2vh6ey08yBvKSJxEWH8TyMBkDPSvoD4V%2fD%2bw8J%2fDNfC02y5%2b0Rt9ufHErsMN%2bHYfSoXLlGC9nVknUlKL5U72UXc0blxDmbrUIuNGEJR5mrXck1p5K%2fwDVz53%2bAvwx1Lxv4VuL%2fTPGE2lmC4McttEzdcZDEAjrXd%2f8M%2beJs8fEa96%2f3pPUf7X1rj7rTPH3wN%2bIF3c6FYT3%2bj3BJVhG0kU0eeA%2b37rD1rY1z9oHxnrulNYeHPCMtvdTrsM6I8rKSMHaMda9TFSzSvW9rg6kXSlqn7unrfU8PAxyPC4f2GY0pxrw0aXP73mrO2p2Hwc%2bDsngfxJe6%2f8A8JLHqSvZywyRonJY85Jz7VwH7Hu3%2fhd%2br5DbvJmxjp989a779mb4eeIvDOh6hrfiO8ulutSiYpp5lLBMjJdx3c%2fpXH%2fsl6Nrdh8ZNWubzS721t3hl%2feTQMit85xgkc1xyr89LHKdVTfLFXslffY9GGFVOvljp0HSTlJ8rbdr21fa52%2f7bCs3wjQhSQt9HkgdOtbH7Jk9vP8ABHS1t3VjCzxyhf4XB5B9%2bRXY%2bPPDtl4r8JXugX%2bRDeRFdy9UPUMPocV8w%2bG774j%2fAAN8R3lk2jy32mytll2M0EwHR1dQdpx1rgwMFj8reDhJKpGXMk9Lo9bNKssqzyOY1Yt0Zw5W0r8rT6%2bX%2fBPrYkAZJwB1NfMHwJlt5%2f2vNZltSphaS82FRweT0rSuvit8QviVGvhzwl4Zk01L%2fwDdT35DMIkPDHdjC9%2fesr9mbwrq%2fh79oSa3udPvvs1pFcwC7kt2WOQjjIYjGCRxXRgsvlgsHivbySm4P3bp6d3%2bhxZlm0MzzDA%2fVYN041FeVmlfTRX%2fABZ0H7en%2fIB0L%2fr4f%2f0GvV%2fh3u%2f4U3pu4qT%2fAGUPu9PuGvNP23tJ1XVdD0VdM027vWjuHLi3gaTb8vfA4r07wDbTW%2fwj0%2b1ltnhmTTArQtncp2Hj61xYmUf7HwyvrzSPUwUJriLGyto4R%2fJHzl%2bzCjy%2bMvF0cIYzPpdyI9p75NbX7CMtpH4q121mQLetbKULHnaG5UD1zU%2f7Ieh65p%2fxU1i41DSb60t5IHG%2beBkV%2fnOMEjmo%2fjX8NPFPgvx03jzwEJ5IXnM7x2ybnt2J%2bYbR95DX0GMrUa%2bJr4JzSdSMbPpddGfJZdhsThsHhcyjTclSnPmjbW0uq9D6Yr5x%2fb1nsmk0G2Up9sAlZsD5thwBn8c1S%2f4aI8drprWT%2bEov7QIwJjHIMe%2bzHrUHwr%2bHPi%2f4k%2bPP%2bEv8epcQ2cUqu6XEZja4xyERT91BxXmZbldTK6%2f1zFyUYwvazu5O1tD2c5zylneG%2fs7L4SlObV200opO93c5%2fwCOUUkfirwPDcKd39i2QZW%2f3hwa%2bwIQBCgHQKMV80ftW6Jqt38aNFk07Sby4t4reBd0FuzIuJOmQMDAr6Xj%2fwBWv0Fced1VUweEku0vzR6HDFCVHMcfFraUVfvZM%2bXv2ov%2bTlND%2fwC3P%2f0bXvXxU8A6B4%2b0VbDWYmEkJJt7mPiSEnuPX6GvE%2f2ldG1i9%2faJ0W7s9Kvbi3X7Lulit2ZBiTJ5AxxXQ%2ftGN8VNB8aWfifw5d3V7o1uwYWcEeRG3QrIg5ZT6121Kcq1PBRo1VCai7O%2fXTT5nnUasMPVzOeIoOpTdRJpK%2bmuvovI8%2f8AGXhL4ifBO8j1jRdakm0nzAqyocxgk8LJGeBn1r6K%2bDPjBPHPgGz18Q%2bTLJmOeMdFkXhse1fPnxE%2bIPj34saPB4TsPB01ssk6NPsjdtzg8ZZgAoBr6B%2bCXhJvBXw5sNDlZWuUUyXJXp5jctj2qM8u8FB4tR%2bsX6Wu4%2bdjXhiyzOrHL3J4Tl%2b1eyl2jfXb%2btjrKKKK%2bRP0AKKKKACjA9KKKADA9KMD0oooAMD0owPSiigAwPSiiigAooooAKKKKACmTQwy%2fwCtiR8dNyg0%2bijYGrjY0SNdsaKq%2bijAp1FFAHzN%2b3b%2fAMjh4d%2f69X%2f9Dr6P0pVfRrVXUMpgTIIyPuivKf2lPhZrnxA1zSr3Sbu1hWxhaORZiQTls5FetafE0NjDC33o41U49QMV7mPxNKpl2FpwleUea67XZ8xlWDr0s5x1apC0J8ln3snckjjSNdsaKi%2bijAp1FFeGfTiSKrqVdQynqCMg1FBaWsBzDbQxn1SMD%2bVTUU7sXKm72CiiikMKbNHHKmyWNXU9Qy5FOooDcjt4ILdNkEMcS%2biKFH6VJRRRuCSSsgooooAKKKKAITZ2hk3m1h3f3vLGamoop3bEklsgooopDCiiigBkUMURJjiRN3XaoGafRRQGwUUUUAFFFFABRRRQAUUUUAFFFFABRRRQAUUUUAFFFFABRRRQAUUUUAFFFFABRRRQAUUUUAFFFFABRRRQAUUUUAFFFFABRRRQAUUUUAFFFFABRRRQAUUUUAFFFFABRRRQAUUUUAFFFFABRRRQAUUUUAFFFFABRRRQAUUUUAFFFFABRRRQAUUUUAFFFFABRRRQAUUUUAFFFFABRRRQAUUUUAFFFFABRRRQAUUUUAFFFFABRRRQB%2f%2fZ%3c%2fstring%3e%0d%0a++%3c%2fImages%3e%0d%0a%3c%2fWizardSettings%3e"]